factors of 35600.
2, 5, 89
List the prime factors of 1963.
13, 151
List the prime factors of 29739.
3, 23, 431
What are the prime factors of 37484?
2, 9371
What are the prime factors of 7385?
5, 7, 211
List the prime factors of 2518.
2, 1259
List the prime factors of 116740.
2, 5, 13, 449
What are the prime factors of 125103?
3, 11, 17, 223
What are the prime factors of 20437?
107, 191
What are the prime factors of 167233?
11, 23, 661
List the prime factors of 5830.
2, 5, 11, 53
What are the prime factors of 13275?
3, 5, 59
What are the prime factors of 66947?
66947
What are the prime factors of 13228?
2, 3307
List the prime factors of 94369.
11, 23, 373
What are the prime factors of 2543?
2543
What are the prime factors of 32826?
2, 3, 5471
What are the prime factors of 2865?
3, 5, 191
List the prime factors of 18316.
2, 19, 241
What are the prime factors of 8293?
8293
List the prime factors of 29.
29
List the prime factors of 76886.
2, 37, 1039
List the prime factors of 2762.
2, 1381
List the prime factors of 4000.
2, 5
List the prime factors of 22946.
2, 7, 11, 149
What are the prime factors of 463?
463
What are the prime factors of 70200?
2, 3, 5, 13
List the prime factors of 7186.
2, 3593
What are the prime factors of 4088?
2, 7, 73
List the prime factors of 301.
7, 43
List the prime factors of 9338.
2, 7, 23, 29
List the prime factors of 12983.
12983
List the prime factors of 98327.
98327
What are the prime factors of 5608?
2, 701
List the prime factors of 22255.
5, 4451
List the prime factors of 5226.
2, 3, 13, 67
List the prime factors of 6477.
3, 17, 127
List the prime factors of 86924.
2, 31, 701
What are the prime factors of 1111?
11, 101
List the prime factors of 25.
5
What are the prime factors of 344?
2, 43
What are the prime factors of 38132?
2, 9533
List the prime factors of 3475.
5, 139
What are the prime factors of 86439?
3, 28813
List the prime factors of 13217.
13217
What are the prime factors of 5273?
5273
What are the prime factors of 5526?
2, 3, 307
List the prime factors of 7134.
2, 3, 29, 41
What are the prime factors of 23597?
7, 3371
What are the prime factors of 2536?
2, 317
What are the prime factors of 6613?
17, 389
List the prime factors of 2407.
29, 83
List the prime factors of 106999.
67, 1597
List the prime factors of 1791.
3, 199
List the prime factors of 87812.
2, 29, 757
List the prime factors of 732.
2, 3, 61
What are the prime factors of 1411?
17, 83
List the prime factors of 58472.
2, 7309
What are the prime factors of 157?
157
What are the prime factors of 17943?
3, 5981
List the prime factors of 33712.
2, 7, 43
What are the prime factors of 569?
569
What are the prime factors of 6945?
3, 5, 463
What are the prime factors of 2935?
5, 587
What are the prime factors of 16279?
73, 223
What are the prime factors of 4591?
4591
What are the prime factors of 7089?
3, 17, 139
What are the prime factors of 7892?
2, 1973
List the prime factors of 18869.
18869
List the prime factors of 18261.
3, 2029
List the prime factors of 14976.
2, 3, 13
List the prime factors of 19318.
2, 13, 743
What are the prime factors of 2438?
2, 23, 53
List the prime factors of 1433.
1433
List the prime factors of 69847.
69847
What are the prime factors of 876?
2, 3, 73
List the prime factors of 31325.
5, 7, 179
What are the prime factors of 5448?
2, 3, 227
What are the prime factors of 6870?
2, 3, 5, 229
What are the prime factors of 21880?
2, 5, 547
List the prime factors of 632.
2, 79
List the prime factors of 97613.
97613
What are the prime factors of 2998?
2, 1499
List the prime factors of 133377.
3, 23, 1933
List the prime factors of 22123.
22123
What are the prime factors of 1147?
31, 37
What are the prime factors of 1046?
2, 523
List the prime factors of 12061.
7, 1723
What are the prime factors of 14456?
2, 13, 139
What are the prime factors of 63771?
3, 29, 733
What are the prime factors of 282?
2, 3, 47
What are the prime factors of 38897?
97, 401
List the prime factors of 4504.
2, 563
List the prime factors of 4275.
3, 5, 19
List the prime factors of 21758.
2, 11, 23, 43
What are the prime factors of 131718?
2, 3, 29, 757
What are the prime factors of 39?
3, 13
What are the prime factors of 3664?
2, 229
What are the prime factors of 6319?
71, 89
What are the prime factors of 547?
547
List the prime factors of 4557.
3, 7, 31
List the prime factors of 10550.
2, 5, 211
List the prime factors of 4964.
2, 17, 73
List the prime factors of 289.
17
What are the prime factors of 19799?
13, 1523
List the prime factors of 512.
2
What are the prime factors of 101?
101
What are the prime factors of 1188?
2, 3, 11
List the prime factors of 1364.
2, 11, 31
What are the prime factors of 13424?
2, 839
What are the prime factors of 5021?
5021
List the prime factors of 1376.
2, 43
List the prime factors of 2315.
5, 463
List the prime factors of 5760.
2, 3, 5
List the prime factors of 2363.
17, 139
What are the prime factors of 66390?
2, 3, 5, 2213
List the prime factors of 18688.
2, 73
What are the prime factors of 10182?
2, 3, 1697
List the prime factors of 611.
13, 47
What are the prime factors of 92326?
2, 13, 53, 67
What are the prime factors of 3496?
2, 19, 23
What are the prime factors of 1111?
11, 101
List the prime factors of 1055.
5, 211
What are the prime factors of 4044?
2, 3, 337
List the prime factors of 2605.
5, 521
What are the prime factors of 3032?
2, 379
What are the prime factors of 31?
31
List the prime factors of 25533.
3, 2837
List the prime factors of 1171.
1171
List the prime factors of 41722.
2, 23, 907
What are the prime factors of 4747?
47, 101
What are the prime factors of 849?
3, 283
List the prime factors of 1490.
2, 5, 149
What are the prime factors of 1685?
5, 337
List the prime factors of 43314.
2, 3, 7219
What are the prime factors of 63017?
29, 41, 53
List the prime factors of 592.
2, 37
List the prime factors of 682.
2, 11, 31
What are the prime factors of 127472?
2, 31, 257
List the prime factors of 5045.
5, 1009
What are the prime factors of 2733?
3, 911
List the prime factors of 1254.
2, 3, 11, 19
List the prime factors of 58744.
2, 7, 1049
What are the prime factors of 33119?
33119
List the prime factors of 26470.
2, 5, 2647
What are the prime factors of 9488?
2, 593
What are the prime factors of 4634?
2, 7, 331
What are the prime factors of 1311?
3, 19, 23
What are the prime factors of 6308?
2, 19, 83
What are the prime factors of 40105?
5, 13, 617
What are the prime factors of 7199?
23, 313
List the prime factors of 234.
2, 3, 13
List the prime factors of 14231.
7, 19, 107
List the prime factors of 766.
2, 383
What are the prime factors of 75514?
2, 17, 2221
What are the prime factors of 1011?
3, 337
List the prime factors of 156349.
17, 541
What are the prime factors of 15048?
2, 3, 11, 19
What are the prime factors of 19905?
3, 5, 1327
What are the prime factors of 4156?
2, 1039
What are the prime factors of 19176?
2, 3, 17, 47
What are the prime factors of 610?
2, 5, 61
What are the prime factors of 3162?
2, 3, 17, 31
List the prime factors of 50.
2, 5
List the prime factors of 3722.
2, 1861
What are the prime factors of 1377?
3, 17
List the prime factors of 101198.
2, 50599
What are the prime factors of 15841?
7, 31, 73
What are the prime factors of 9348?
2, 3, 19, 41
List the prime factors of 1493.
1493
What are the prime factors of 188202?
2, 3, 7, 4481
List the prime factors of 19868.
2, 4967
What are the prime factors of 53095?
5, 7, 37, 41
List the prime factors of 2741.
2741
What are the prime factors of 55232?
2, 863
List the prime factors of 63727.
63727
What are the prime factors of 641?
641
What are the prime factors of 73820?
2, 5, 3691
List the prime factors of 774.
2, 3, 43
What are the prime factors of 1966?
2, 983
List the prime factors of 47143.
47143
What are the prime factors of 318?
2, 3, 53
What are the prime factors of 3257?
3257
List the prime factors of 11874.
2, 3, 1979
What are the prime factors of 30287?
31, 977
List the prime factors of 33878.
2, 13, 1303
List the prime factors of 238.
2, 7, 17
List the prime factors of 23636.
2, 19, 311
List the prime factors of 1164.
2, 3, 97
List the prime factors of 26812.
2, 6703
What are the prime factors of 5065?
5, 1013
What 